etermine x(-6).
-19
Let a(x) = 1424*x + 60686. Calculate a(-43).
-546
Let y(c) = c**3 - 52*c**2 - 10660*c + 546237. What is y(51)?
-24
Let u(z) = 690*z - 9152. Calculate u(4).
-6392
Let n(c) = 16*c + 2527. Calculate n(-66).
1471
Let u(c) = 50*c + 12549. Calculate u(-250).
49
Let h(r) = -1505*r + 18721. Give h(12).
661
Let z(f) = 18891*f**2 + 113363*f + 36. Calculate z(-6).
-66
Let a(j) = j**3 - 30*j**2 + 873*j - 12624. Calculate a(19).
-8
Let q(n) = n**3 - 142*n**2 - 2190*n + 945. Determine q(156).
9
Let q(o) = 4*o**3 + 108*o**2 - 113*o - 2. Calculate q(-28).
26
Let k(f) = 10*f**3 + 1510*f**2 - 56*f - 8458. Calculate k(-151).
-2
Let z(c) = 3*c**2 + 316*c + 680. Give z(-104).
264
Let d(b) = b**3 + 8*b**2 + 2844*b + 19848. Give d(-7).
-11
Let g(p) = 5933*p + 5913. Give g(-1).
-20
Let w(a) = a**3 + 5*a**2 + 19889*a + 119351. Give w(-6).
-19
Let r(l) = -70*l**2 - 1862*l - 5905. What is r(-23)?
-109
Let t(r) = r**3 + 55*r**2 - 403*r + 1965. Determine t(-62).
43
Let t(w) = -3864*w - 1259663. Give t(-326).
1
Let d(h) = 94*h - 614. What is d(7)?
44
Let u(b) = -b**3 + 21*b**2 - 10771*b + 215007. Determine u(20).
-13
Let x(l) = -557*l + 16143. What is x(23)?
3332
Let d(q) = -6*q**2 + 1023*q - 526. Determine d(170).
-16
Let k(i) = 27392*i - 438612. Give k(16).
-340
Let a(z) = -z**3 - 22*z**2 - 83*z - 204. Determine a(-18).
-6
Let t(c) = 2435*c - 131488. Calculate t(54).
2
Let j(z) = -9908*z - 247561. Give j(-25).
139
Let o(b) = -3025*b**3 + b**2 + 123*b - 123. Determine o(1).
-3024
Let m(t) = 8*t**2 - 509*t + 7339. Calculate m(22).
13
Let n(a) = a**3 + 46*a - 3. What is n(-7)?
-668
Let d(u) = -487*u**2 - 2928*u - 35. Determine d(-6).
1
Let x(u) = -2*u**3 - 18*u**2 - 2*u - 40. Calculate x(-10).
180
Let x(g) = -g**2 - 34571*g - 138263. Determine x(-4).
5
Let y(x) = -2326*x + 16369. Calculate y(7).
87
Let z(x) = -5*x**2 + 459*x - 10075. Calculate z(36).
-31
Let x(v) = 3*v**3 - 738*v**2 + 732*v + 739. Calculate x(245).
4
Let m(h) = -28909*h - 144476. Calculate m(-5).
69
Let v(i) = -i**3 - 860*i**2 + 14904*i + 6. What is v(17)?
-79
Let c(k) = k**3 + 5*k**2 + 67*k + 153. Give c(-7).
-414
Let p(v) = 1653966*v - 18193632. Determine p(11).
-6
Let y(u) = 26*u**2 - 8*u + 122. Give y(3).
332
Let h(r) = -10*r**2 + 134*r + 361. Calculate h(13).
413
Let u(r) = 3*r**3 - 296*r**2 + 193*r + 233. What is u(98)?
-61
Let l(y) = -2*y**2 - 2933*y - 596595. Determine l(-244).
-15
Let j(q) = 2*q**2 + 1560*q - 23819. Give j(15).
31
Let m(q) = 2521*q - 2389912. Determine m(948).
-4
Let r(t) = -2*t**3 + 22*t**2 - 18*t + 113. Give r(6).
365
Let r(z) = 7540*z - 37515. Calculate r(5).
185
Let m(w) = -w**3 + 16*w**2 - 17*w + 13. Give m(7).
335
Let l(c) = -2*c**3 - 31*c**2 - 8*c - 400. Determine l(-15).
-505
Let p(m) = -m**2 - 254*m + 6756. Calculate p(24).
84
Let j(c) = 206*c - 569. Calculate j(1).
-363
Let i(t) = t**3 - 126*t**2 + 326*t + 5270. Give i(123).
-19
Let s(p) = -39*p**2 - 5772*p + 32. Determine s(-148).
32
Let t(d) = 90*d - 3719. Determine t(43).
151
Let t(z) = -z**2 - 13436*z + 255636. Calculate t(19).
-9
Let o(h) = 3515*h + 3043. Determine o(-1).
-472
Let r(y) = -15*y**3 + 6*y**2 + 4536*y - 9088. Give r(2).
-112
Let t(i) = 51*i**2 + 433*i - 921. What is t(-10)?
-151
Let i(j) = -2*j**2 - 22857*j + 205873. Determine i(9).
-2
Let o(q) = 9*q**2 - 505*q - 2188. Give o(-4).
-24
Let l(p) = -p**3 - 236*p**2 + 1664*p + 282749. Give l(-238).
5
Let f(a) = 2*a**3 + 45*a**2 + 1203*a + 20351. What is f(-19)?
21
Let x(b) = -b**2 - 80*b + 12802. Determine x(-160).
2
Let w(i) = -325*i + 4872. Determine w(13).
647
Let o(v) = 3*v**3 - 64*v**2 + 95006*v - 1994687. Determine o(21).
-2
Let d(k) = -91585*k - 1831702. Calculate d(-20).
-2
Let m(d) = 1605*d - 194200. Give m(121).
5
Let x(r) = 475*r + 8742. Give x(-15).
1617
Let b(n) = 2*n**3 + 192*n**2 - 489*n - 64504. Determine b(-95).
1
Let y(g) = -22678*g + 1791546. Determine y(79).
-16
Let b(l) = -61*l**2 + 2618*l - 25412. Calculate b(15).
133
Let h(g) = -1765*g - 132348. Give h(-75).
27
Let r(p) = 5*p**2 - 384612*p + 384613. What is r(1)?
6
Let a(l) = -2082*l**2 + 17080*l - 3395. What is a(8)?
-3
Let l(a) = -a**3 + 539*a**2 - 1497*a - 59532. Give l(536).
-36
Let z(y) = y**2 - 113*y + 1893. Calculate z(91).
-109
Let x(v) = -44*v**2 + 1813*v + 9087. What is x(-5)?
-1078
Let d(z) = 1357*z - 59783. Give d(44).
-75
Let a(o) = o**3 + 24*o**2 - 68*o + 623. Calculate a(-28).
-609
Let k(j) = 3*j**2 + 599*j - 4284. What is k(-206)?
-370
Let y(q) = -2*q**3 + 33*q**2 - 69*q - 103. Calculate y(13).
183
Let j(c) = 179*c**3 + 7*c**2 - 3. Give j(-1).
-175
Let c(w) = 5147*w + 66966. Give c(-13).
55
Let g(a) = -4*a**2 + 11753*a + 70558. Determine g(-6).
-104
Let t(a) = -2*a**2 + 288*a - 3640. What is t(146)?
-4224
Let s(z) = -z**3 + 94*z**2 - 2195*z + 1402. Determine s(40).
2
Let b(n) = -37*n**2 - 3762*n + 8927. What is b(-104)?
-17
Let t(a) = 14*a**3 + 71*a**2 - 22*a - 126. Determine t(-5).
9
Let v(w) = 1543*w - 19487. What is v(14)?
2115
Let o(d) = 3538*d + 28396. Give o(-8).
92
Let h(q) = 162*q + 1766. Determine h(4).
2414
Let f(c) = -c**3 - 55*c**2 + 350*c + 9970. Calculate f(-58).
-238
Let d(a) = a**3 - 47*a**2 - 1048*a + 16110. Determine d(60).
30
Let p(a) = 4845*a - 38769. Give p(8).
-9
Let v(x) = -2*x**2 - 28*x + 4053. Determine v(-40).
1973
Let k(q) = 105315*q + 65400620. What is k(-621)?
5
Let q(k) = 3*k**2 - 824*k - 36013. Give q(313).
-18
Let r(n) = -n**3 - 117*n**2 - 40*n + 8805. Give r(-116).
-11
Let v(l) = 5455*l - 98317. Determine v(18).
-127
Let c(l) = 935*l - 1924. What is c(2)?
-54
Let v(z) = 46*z**2 + 8093*z - 556. Give v(-176).
-28
Let z(p) = -p**3 + 3525*p**2 + 167886*p + 113. What is z(-47)?
19
Let u(t) = 1225*t - 24402. What is u(19)?
-1127
Let u(k) = 5048*k + 85847. What is u(-17)?
31
Let b(p) = 3044*p + 84388. What is b(-28)?
-844
Let d(i) = 742*i - 49729. Determine d(67).
-15
Let c(g) = -183626*g + 918427. What is c(5)?
297
Let z(q) = -2*q**3 - 2206*q**2 + 4534*q + 125969. Calculate z(-1105).
-1
Let s(j) = 583*j - 85256. Determine s(146).
-138
Let k(v) = -663*v**2 - 7948*v + 50. Calculate k(-12).
-46
Let u(f) = -2027*f - 502693. What is u(-248)?
3
Let w(c) = -802607*c - 802626. What is w(-1)?
-19
Let o(b) = 1331*b - 617658. Determine o(464).
-74
Let k(q) = 253*q - 8081. Give k(32).
15
Let r(l) = -16*l**2 + 61*l + 394. What is r(8)?
-142
Let x(i) = -128*i**2 + 23294*i + 354. Give x(182).
-10
Let b(j) = -2*j**2 - 1016*j + 86140. Calculate b(-582).
4
Let k(j) = -j**3 - 24*j**2 - 79*j - 4. Give k(-13).
-836
Let u(p) = -58*p**2 - 690*p + 87. Calculate u(-12).
15
Let d(v) = -2*v**3 - 50*v**2 - 152*v - 434. What is d(-22)?
6
Let f(l) = -12686*l + 279050. Determine f(22).
-42
Let t(q) = -639*q + 204490. What is t(320)?
10
Let a(u) = -139*u**2 - 1258*u - 21. Give a(-9).
42
Let g(y) = y**2 + 1636*y + 669100. Determine g(-820).
-20
Let s(i) = -i**2 + 350*i - 13982. Calculate s(46).
2
Let f(r) = -72*r**2 + 373*r + 1148. What is f(8)?
-476
Let p(o) = -59198*o - 2427126. What is p(-41)?
-8
Let r(g) = -4*g**3 + 137*g**2 - 56*g + 342. Calculate r(34).
-406
Let v(n) = -n**2 - 743*n + 96601. What is v(114)?
-1097
Let y(r) = r**2 - 10367*r - 218070. Give y(-21).
78
Let u(q) = 660*q**2 - 288440*q + 8697. Determine u(437).
-43
Let k(t) = 2*t**2 - 4164*t - 37631. What is k(-9)?
7
Let u(l) = -341*l + 3246. Determine u(2).
2564
Let i(u) = -63*u**2 - 1449*u + 3163. Give i(-25).
13
Let r(d) = -2*d**3 + 6*d**2 + 21*d - 137. Give r(7).
-382
Let r(k) = -k**2 - 3027*k - 227139. What is r(-77)?
11
Let v(b) = -410740*b**2 + 1642964*b - 21. Calculate v(4).
-5
Let f(l) = 1395*l - 32018. Determine f(23).
67
Let c(q) = -16*q**2 - 115*q + 126. Determine c(-8).
22
Let i(s) = 827*s + 291938. What is i(-353)?
7
Let s(k) = 18562*k + 74100. Determine s(-4).
-148
Let w(v) = 8*v**2 + 582*v - 23881. What is w(-102)?
-13
Let q(g) = 1534*g + 141143. Determine q(-92).
15
Let r(y) = -3*y**3 - 356*y**2 + 114*y - 544. What is r(-119)?
51
Let q(f) = -207*f - 202792. Calculate q(-980).
68
Let p(f) = 2934*f + 5609. Calculate p(-2).
-259
Let s(x) = -6017*x - 1245554. Determine s(-207).
-35
Let c(k) = 9*k**3 - 98*k**2 - 1360*k - 4. Give c(-8).
-4
Let j(w) = 3*w**3 + 22*w**2 - 1255*w + 1750. Determine j(-25).
0
Let s(u) = -5107*u + 35672. Determine s(7).
-77
Let s(k) = k**3 + 36*k**2